{"id":24,"date":"2017-05-05T22:41:51","date_gmt":"2017-05-05T20:41:51","guid":{"rendered":"http:\/\/made-by-doreen.localhost\/?page_id=24"},"modified":"2019-02-27T21:19:06","modified_gmt":"2019-02-27T21:19:06","slug":"referenz-wer-liest-wann-wo","status":"publish","type":"page","link":"https:\/\/www.made-by-doreen.de\/?page_id=24","title":{"rendered":"Referenz: Wer liest wann wo"},"content":{"rendered":"<p><img loading=\"lazy\" decoding=\"async\" class=\"alignnone size-medium wp-image-59\" src=\"http:\/\/www.made-by-doreen.de\/wp-content\/uploads\/2017\/05\/Logo-Wer-liest-wann-wo-300x300.jpg\" alt=\"\" width=\"300\" height=\"300\" srcset=\"https:\/\/www.made-by-doreen.de\/wp-content\/uploads\/2017\/05\/Logo-Wer-liest-wann-wo-300x300.jpg 300w, https:\/\/www.made-by-doreen.de\/wp-content\/uploads\/2017\/05\/Logo-Wer-liest-wann-wo-150x150.jpg 150w, https:\/\/www.made-by-doreen.de\/wp-content\/uploads\/2017\/05\/Logo-Wer-liest-wann-wo-768x768.jpg 768w, https:\/\/www.made-by-doreen.de\/wp-content\/uploads\/2017\/05\/Logo-Wer-liest-wann-wo-1024x1024.jpg 1024w\" sizes=\"auto, (max-width: 300px) 100vw, 300px\" \/><\/p>\n<p>&nbsp;<\/p>\n<p>Ich bin seit 2010 ehrenamtliche Lesungsagentin beim Lesungsportal \u201eWer liest wann wo\u201c, auf dem ich Veranstaltungen in ganz Deutschland rund ums Buch bzw. buchnahe Medien in einen Kalender eintrage.<\/p>\n<p>Unter den Terminen finden sich nicht nur Lesungen f\u00fcr Erwachsene, sondern auch Lesungen f\u00fcr Kinder. Daneben gibt es aber auch Vortr\u00e4ge, Gespr\u00e4che und Diskussionen, Preisverleihungen, Theaterauff\u00fchrungen oder auch Signierstunden.<\/p>\n<p>\u00dcber eine Cloud unter dem Kalenderblatt werden f\u00fcr den interessierten Nutzer bereits die wichtigsten St\u00e4dte hervorgehoben. Mit Hilfe der Suche kann man individuell einen entsprechenden Ort ausw\u00e4hlen und sich die passenden Veranstaltungen anzeigen lassen.<\/p>\n<p>Wer uns gern besuchen m\u00f6chte oder selbst mithelfen m\u00f6chte, kann sich gern unter folgendem Link informieren:<\/p>\n<p><a href=\"http:\/\/www.werliestwannwo.de\" target=\"_blank\" rel=\"noopener\">www.werliestwannwo<\/a>.<\/p>\n<p>Hilfe brauchen wir immer! Entweder kann man uns Events zum Buch \u00fcber den Men\u00fcpunkt \u201eLesung eintragen\u201c zukommen lassen oder wer bei uns, auch mit seinem Unternehmen, Partner sein m\u00f6chte, kann zwischen Rezensionsverlinkung oder Partnerverlinkung w\u00e4hlen.<\/p>\n<p>Auch alle anderen Ideen sind uns willkommen! Mit uns in Kontakt zu treten, ist einfach: Nur eine E-Mail-Nachricht schreiben und wir antworten umgehend. Na dann los, keine Zeit verlieren und aktiv werden!<\/p>\n<p>Quelle des Bildmaterials: Wer liest wann wo \u2013 Das Lesungsportal f\u00fcr Deutschland<\/p>\n<p>&nbsp;<\/p>\n","protected":false},"excerpt":{"rendered":"<p>&nbsp; Ich bin seit 2010 ehrenamtliche Lesungsagentin beim Lesungsportal \u201eWer liest wann wo\u201c, auf dem ich Veranstaltungen in ganz Deutschland rund ums Buch bzw. buchnahe Medien in einen Kalender eintrage. Unter den Terminen finden sich nicht nur Lesungen f\u00fcr Erwachsene, sondern auch Lesungen f\u00fcr Kinder. Daneben gibt es aber auch Vortr\u00e4ge, Gespr\u00e4che und Diskussionen, Preisverleihungen, [&hellip;]<\/p>\n","protected":false},"author":1,"featured_media":59,"parent":5,"menu_order":3,"comment_status":"closed","ping_status":"closed","template":"","meta":{"footnotes":""},"class_list":["post-24","page","type-page","status-publish","has-post-thumbnail","hentry"],"_links":{"self":[{"href":"https:\/\/www.made-by-doreen.de\/index.php?rest_route=\/wp\/v2\/pages\/24","targetHints":{"allow":["GET"]}}],"collection":[{"href":"https:\/\/www.made-by-doreen.de\/index.php?rest_route=\/wp\/v2\/pages"}],"about":[{"href":"https:\/\/www.made-by-doreen.de\/index.php?rest_route=\/wp\/v2\/types\/page"}],"author":[{"embeddable":true,"href":"https:\/\/www.made-by-doreen.de\/index.php?rest_route=\/wp\/v2\/users\/1"}],"replies":[{"embeddable":true,"href":"https:\/\/www.made-by-doreen.de\/index.php?rest_route=%2Fwp%2Fv2%2Fcomments&post=24"}],"version-history":[{"count":5,"href":"https:\/\/www.made-by-doreen.de\/index.php?rest_route=\/wp\/v2\/pages\/24\/revisions"}],"predecessor-version":[{"id":253,"href":"https:\/\/www.made-by-doreen.de\/index.php?rest_route=\/wp\/v2\/pages\/24\/revisions\/253"}],"up":[{"embeddable":true,"href":"https:\/\/www.made-by-doreen.de\/index.php?rest_route=\/wp\/v2\/pages\/5"}],"wp:featuredmedia":[{"embeddable":true,"href":"https:\/\/www.made-by-doreen.de\/index.php?rest_route=\/wp\/v2\/media\/59"}],"wp:attachment":[{"href":"https:\/\/www.made-by-doreen.de\/index.php?rest_route=%2Fwp%2Fv2%2Fmedia&parent=24"}],"curies":[{"name":"wp","href":"https:\/\/api.w.org\/{rel}","templated":true}]}}