{"id":26,"date":"2017-05-05T22:43:22","date_gmt":"2017-05-05T20:43:22","guid":{"rendered":"http:\/\/made-by-doreen.localhost\/?page_id=26"},"modified":"2017-06-16T05:32:45","modified_gmt":"2017-06-16T05:32:45","slug":"referenz-abhandlung-ueber-die-jugendstilmode","status":"publish","type":"page","link":"https:\/\/www.made-by-doreen.de\/?page_id=26","title":{"rendered":"Referenz: Abhandlung \u00fcber die Jugendstilmode"},"content":{"rendered":"<p>&nbsp;<\/p>\n<p><img loading=\"lazy\" decoding=\"async\" class=\"alignnone size-medium wp-image-58\" src=\"http:\/\/www.made-by-doreen.de\/wp-content\/uploads\/2017\/05\/DSCN4379-a-45-Helligikeit-und-Autokontrast-152x300.jpg\" alt=\"\" width=\"152\" height=\"300\" srcset=\"https:\/\/www.made-by-doreen.de\/wp-content\/uploads\/2017\/05\/DSCN4379-a-45-Helligikeit-und-Autokontrast-152x300.jpg 152w, https:\/\/www.made-by-doreen.de\/wp-content\/uploads\/2017\/05\/DSCN4379-a-45-Helligikeit-und-Autokontrast-520x1024.jpg 520w, https:\/\/www.made-by-doreen.de\/wp-content\/uploads\/2017\/05\/DSCN4379-a-45-Helligikeit-und-Autokontrast.jpg 568w\" sizes=\"auto, (max-width: 152px) 100vw, 152px\" \/><\/p>\n<p>Seit einiger Zeit bin ich von der Mode der Epoche des Jugendstils fasziniert und habe angefangen eine wissenschaftliche Abhandlung dar\u00fcber zu verfassen. Darin wird die zeitliche, stilistische und kunstgeschichtliche Bedeutung der Mode des Jugendstils herausgearbeitet. In zeitlichen Bez\u00fcgen werden Gem\u00e4lde sowie \u00fcber das Internet eingescannte Fotographien nebst den Kabinettbildern dieser Modeepoche von mir ausgewertet. Zudem paraphrasiere ich englische und franz\u00f6sische Textinformationen unter anderem aus den B\u00fcchern \u201eArt Nouveau Fashion\u201c und \u201eThe Wardrobe of Heather Firbank\u201c um diese in meinen gegliederten Argumentationsaufbau einzubinden.<\/p>\n<p>Im Opac der Bibliothek und des Archivs der Friedrich-Alexander-Universit\u00e4t Erlangen sowie des Germanischen Nationalmuseums und anderer Onlinedatenbanken bzw. Webseiten von Museen wie dem Victoria and Albert Museum forsche ich nach weiterf\u00fchrender Fachliteratur und entsprechendem Bildmaterial um mehr \u00fcber Schnitte, Moderichtungen, bevorzugte Stoffe und Produzenten bzw. Modedesigner herauszufinden.<\/p>\n<p>Zentraler Schwerpunkt des Sachbuches ist, welche verschiedenen Modestile in der Zeit zwischen 1890 bis 1915 entstanden sind und welchen Einfluss sie auf nachfolgende Modesch\u00f6pfer hatten. Zudem sollen bekannte wie auch unbekannte Modeh\u00e4user und deren Arbeit vorgestellt werden. Des Weiteren wird die wichtige Funktion der Modezeitschriften beleuchtet.<\/p>\n<p>Hierf\u00fcr wird folgenden Fragestellungen nachgegangen:<\/p>\n<p>Unter welchen Bedingungen werden die Stoffe hergestellt, welche Stoffe sind wo durch die Modebranche bezogen worden sowie welche einzelnen Verarbeitungsschritte durchliefen sie bis zu einem fertigen Kleidungsst\u00fcck? Von welchen Modemachern bzw. Modeherstellern sind welche Stoffe bevorzugt verwendet worden? Au\u00dferdem wird herausgestellt, aus welchen Gr\u00fcnden noch Kleidungsst\u00fccke aus L\u00e4ndern wie Frankreich, England, eventuell Deutschland oder sogar aus den USA noch existieren!<\/p>\n","protected":false},"excerpt":{"rendered":"<p>&nbsp; Seit einiger Zeit bin ich von der Mode der Epoche des Jugendstils fasziniert und habe angefangen eine wissenschaftliche Abhandlung dar\u00fcber zu verfassen. Darin wird die zeitliche, stilistische und kunstgeschichtliche Bedeutung der Mode des Jugendstils herausgearbeitet. In zeitlichen Bez\u00fcgen werden Gem\u00e4lde sowie \u00fcber das Internet eingescannte Fotographien nebst den Kabinettbildern dieser Modeepoche von mir ausgewertet. [&hellip;]<\/p>\n","protected":false},"author":1,"featured_media":58,"parent":5,"menu_order":4,"comment_status":"closed","ping_status":"closed","template":"","meta":{"footnotes":""},"class_list":["post-26","page","type-page","status-publish","has-post-thumbnail","hentry"],"_links":{"self":[{"href":"https:\/\/www.made-by-doreen.de\/index.php?rest_route=\/wp\/v2\/pages\/26","targetHints":{"allow":["GET"]}}],"collection":[{"href":"https:\/\/www.made-by-doreen.de\/index.php?rest_route=\/wp\/v2\/pages"}],"about":[{"href":"https:\/\/www.made-by-doreen.de\/index.php?rest_route=\/wp\/v2\/types\/page"}],"author":[{"embeddable":true,"href":"https:\/\/www.made-by-doreen.de\/index.php?rest_route=\/wp\/v2\/users\/1"}],"replies":[{"embeddable":true,"href":"https:\/\/www.made-by-doreen.de\/index.php?rest_route=%2Fwp%2Fv2%2Fcomments&post=26"}],"version-history":[{"count":3,"href":"https:\/\/www.made-by-doreen.de\/index.php?rest_route=\/wp\/v2\/pages\/26\/revisions"}],"predecessor-version":[{"id":81,"href":"https:\/\/www.made-by-doreen.de\/index.php?rest_route=\/wp\/v2\/pages\/26\/revisions\/81"}],"up":[{"embeddable":true,"href":"https:\/\/www.made-by-doreen.de\/index.php?rest_route=\/wp\/v2\/pages\/5"}],"wp:featuredmedia":[{"embeddable":true,"href":"https:\/\/www.made-by-doreen.de\/index.php?rest_route=\/wp\/v2\/media\/58"}],"wp:attachment":[{"href":"https:\/\/www.made-by-doreen.de\/index.php?rest_route=%2Fwp%2Fv2%2Fmedia&parent=26"}],"curies":[{"name":"wp","href":"https:\/\/api.w.org\/{rel}","templated":true}]}}