{"id":425,"date":"2020-12-09T21:16:37","date_gmt":"2020-12-09T21:16:37","guid":{"rendered":"http:\/\/www.made-by-doreen.de\/?page_id=425"},"modified":"2025-05-31T20:32:38","modified_gmt":"2025-05-31T20:32:38","slug":"galerie","status":"publish","type":"page","link":"https:\/\/www.made-by-doreen.de\/?page_id=425","title":{"rendered":"Galerie"},"content":{"rendered":"\n<p>Ich liebe es kreativ zu sein. In der Vergangenheit wurden von mir Fotos und Anzeigen gestaltet, die ich hier in einer Art digitalen Galerie pr\u00e4sentieren m\u00f6chte.<\/p>\n\n\n\n<p><strong>Watercolor<\/strong> <strong>und Aquarellarbeiten<\/strong><\/p>\n\n\n\n<p>Auftragsarbeit August 2022<\/p>\n\n\n\n<figure class=\"wp-block-image size-large\"><img loading=\"lazy\" decoding=\"async\" width=\"805\" height=\"1024\" src=\"http:\/\/www.made-by-doreen.de\/wp-content\/uploads\/2023\/05\/Pflanzenstudie-805x1024.jpg\" alt=\"\" class=\"wp-image-637\" srcset=\"https:\/\/www.made-by-doreen.de\/wp-content\/uploads\/2023\/05\/Pflanzenstudie-805x1024.jpg 805w, https:\/\/www.made-by-doreen.de\/wp-content\/uploads\/2023\/05\/Pflanzenstudie-236x300.jpg 236w, https:\/\/www.made-by-doreen.de\/wp-content\/uploads\/2023\/05\/Pflanzenstudie-768x978.jpg 768w, https:\/\/www.made-by-doreen.de\/wp-content\/uploads\/2023\/05\/Pflanzenstudie-1207x1536.jpg 1207w, https:\/\/www.made-by-doreen.de\/wp-content\/uploads\/2023\/05\/Pflanzenstudie-1609x2048.jpg 1609w, https:\/\/www.made-by-doreen.de\/wp-content\/uploads\/2023\/05\/Pflanzenstudie-scaled.jpg 2011w\" sizes=\"auto, (max-width: 805px) 100vw, 805px\" \/><figcaption class=\"wp-element-caption\">Wasserfarben auf Leinwand<\/figcaption><\/figure>\n\n\n\n<p>f\u00fcr Creations by <a href=\"http:\/\/www.made-by-doreen.de\">Made by Doreen<\/a> auf <a href=\"https:\/\/www.couchstyle.de\/members\/143983\" target=\"_blank\" rel=\"noreferrer noopener\">Couchstyle<\/a><\/p>\n\n\n\n<p>Auftragsarbeit Geburtswochentag Montag August 2022<\/p>\n\n\n\n<figure class=\"wp-block-image size-large\"><img loading=\"lazy\" decoding=\"async\" width=\"1024\" height=\"862\" src=\"http:\/\/www.made-by-doreen.de\/wp-content\/uploads\/2023\/05\/CMBD-Mond-Aquarell-1024x862.jpg\" alt=\"\" class=\"wp-image-638\" srcset=\"https:\/\/www.made-by-doreen.de\/wp-content\/uploads\/2023\/05\/CMBD-Mond-Aquarell-1024x862.jpg 1024w, https:\/\/www.made-by-doreen.de\/wp-content\/uploads\/2023\/05\/CMBD-Mond-Aquarell-300x253.jpg 300w, https:\/\/www.made-by-doreen.de\/wp-content\/uploads\/2023\/05\/CMBD-Mond-Aquarell-768x646.jpg 768w, https:\/\/www.made-by-doreen.de\/wp-content\/uploads\/2023\/05\/CMBD-Mond-Aquarell-1536x1293.jpg 1536w, https:\/\/www.made-by-doreen.de\/wp-content\/uploads\/2023\/05\/CMBD-Mond-Aquarell-2048x1724.jpg 2048w\" sizes=\"auto, (max-width: 1024px) 100vw, 1024px\" \/><figcaption class=\"wp-element-caption\">Wasserfarben auf Leinwand<\/figcaption><\/figure>\n\n\n\n<p>Auftragsarbeit Geburtswochentag Sonntag August 2022<\/p>\n\n\n\n<figure class=\"wp-block-image size-large is-resized\"><img loading=\"lazy\" decoding=\"async\" width=\"1024\" height=\"736\" src=\"http:\/\/www.made-by-doreen.de\/wp-content\/uploads\/2023\/05\/CMBD-Sonne-Aquarell-1024x736.jpg\" alt=\"\" class=\"wp-image-639\" style=\"width:840px;height:603px\" srcset=\"https:\/\/www.made-by-doreen.de\/wp-content\/uploads\/2023\/05\/CMBD-Sonne-Aquarell-1024x736.jpg 1024w, https:\/\/www.made-by-doreen.de\/wp-content\/uploads\/2023\/05\/CMBD-Sonne-Aquarell-300x216.jpg 300w, https:\/\/www.made-by-doreen.de\/wp-content\/uploads\/2023\/05\/CMBD-Sonne-Aquarell-768x552.jpg 768w, https:\/\/www.made-by-doreen.de\/wp-content\/uploads\/2023\/05\/CMBD-Sonne-Aquarell-1536x1104.jpg 1536w, https:\/\/www.made-by-doreen.de\/wp-content\/uploads\/2023\/05\/CMBD-Sonne-Aquarell-2048x1471.jpg 2048w\" sizes=\"auto, (max-width: 1024px) 100vw, 1024px\" \/><figcaption class=\"wp-element-caption\">Wasserfarben auf Leinwand<\/figcaption><\/figure>\n\n\n\n<p><strong>Kochbuchkreation<\/strong><\/p>\n\n\n\n<p>vom Juli 2022<\/p>\n\n\n\n<figure class=\"wp-block-image size-large\"><img loading=\"lazy\" decoding=\"async\" width=\"1024\" height=\"891\" src=\"http:\/\/www.made-by-doreen.de\/wp-content\/uploads\/2023\/05\/Leckere-Happen-1-1024x891.jpg\" alt=\"\" class=\"wp-image-635\" srcset=\"https:\/\/www.made-by-doreen.de\/wp-content\/uploads\/2023\/05\/Leckere-Happen-1-1024x891.jpg 1024w, https:\/\/www.made-by-doreen.de\/wp-content\/uploads\/2023\/05\/Leckere-Happen-1-300x261.jpg 300w, https:\/\/www.made-by-doreen.de\/wp-content\/uploads\/2023\/05\/Leckere-Happen-1-768x669.jpg 768w, https:\/\/www.made-by-doreen.de\/wp-content\/uploads\/2023\/05\/Leckere-Happen-1-1536x1337.jpg 1536w, https:\/\/www.made-by-doreen.de\/wp-content\/uploads\/2023\/05\/Leckere-Happen-1-2048x1783.jpg 2048w\" sizes=\"auto, (max-width: 1024px) 100vw, 1024px\" \/><\/figure>\n\n\n\n<figure class=\"wp-block-image size-large\"><img loading=\"lazy\" decoding=\"async\" width=\"1024\" height=\"768\" src=\"http:\/\/www.made-by-doreen.de\/wp-content\/uploads\/2023\/05\/Leckere-Happen-2-1024x768.jpg\" alt=\"\" class=\"wp-image-636\" srcset=\"https:\/\/www.made-by-doreen.de\/wp-content\/uploads\/2023\/05\/Leckere-Happen-2-1024x768.jpg 1024w, https:\/\/www.made-by-doreen.de\/wp-content\/uploads\/2023\/05\/Leckere-Happen-2-300x225.jpg 300w, https:\/\/www.made-by-doreen.de\/wp-content\/uploads\/2023\/05\/Leckere-Happen-2-768x576.jpg 768w, https:\/\/www.made-by-doreen.de\/wp-content\/uploads\/2023\/05\/Leckere-Happen-2-1536x1152.jpg 1536w, https:\/\/www.made-by-doreen.de\/wp-content\/uploads\/2023\/05\/Leckere-Happen-2-2048x1536.jpg 2048w\" sizes=\"auto, (max-width: 1024px) 100vw, 1024px\" \/><\/figure>\n\n\n\n<p><strong>Fotoarbeiten<\/strong><\/p>\n\n\n\n<p>f\u00fcr <strong><a href=\"http:\/\/www.werliestwannwo.de\" target=\"_blank\" rel=\"noreferrer noopener\">Wer liest wann wo<\/a><\/strong><\/p>\n\n\n\n<figure class=\"wp-block-gallery has-nested-images columns-default is-cropped wp-block-gallery-1 is-layout-flex wp-block-gallery-is-layout-flex\">\n<figure class=\"wp-block-image size-large\"><img loading=\"lazy\" decoding=\"async\" width=\"1024\" height=\"741\" data-id=\"491\" src=\"https:\/\/www.made-by-doreen.de\/wp-content\/uploads\/2020\/12\/wlww-5-Buecher-Logo-1024x741.png\" alt=\"\" class=\"wp-image-491\" srcset=\"https:\/\/www.made-by-doreen.de\/wp-content\/uploads\/2020\/12\/wlww-5-Buecher-Logo-1024x741.png 1024w, https:\/\/www.made-by-doreen.de\/wp-content\/uploads\/2020\/12\/wlww-5-Buecher-Logo-300x217.png 300w, https:\/\/www.made-by-doreen.de\/wp-content\/uploads\/2020\/12\/wlww-5-Buecher-Logo-768x555.png 768w, https:\/\/www.made-by-doreen.de\/wp-content\/uploads\/2020\/12\/wlww-5-Buecher-Logo.png 1308w\" sizes=\"auto, (max-width: 1024px) 100vw, 1024px\" \/><\/figure>\n<\/figure>\n\n\n\n<figure class=\"wp-block-gallery has-nested-images columns-default is-cropped wp-block-gallery-2 is-layout-flex wp-block-gallery-is-layout-flex\">\n<figure class=\"wp-block-image size-large\"><img loading=\"lazy\" decoding=\"async\" width=\"818\" height=\"961\" data-id=\"490\" src=\"https:\/\/www.made-by-doreen.de\/wp-content\/uploads\/2020\/12\/Die-schwarze-Fee-Kopie-Logo.png\" alt=\"\" class=\"wp-image-490\" srcset=\"https:\/\/www.made-by-doreen.de\/wp-content\/uploads\/2020\/12\/Die-schwarze-Fee-Kopie-Logo.png 818w, https:\/\/www.made-by-doreen.de\/wp-content\/uploads\/2020\/12\/Die-schwarze-Fee-Kopie-Logo-255x300.png 255w, https:\/\/www.made-by-doreen.de\/wp-content\/uploads\/2020\/12\/Die-schwarze-Fee-Kopie-Logo-768x902.png 768w\" sizes=\"auto, (max-width: 818px) 100vw, 818px\" \/><\/figure>\n<\/figure>\n\n\n\n<figure class=\"wp-block-gallery has-nested-images columns-default is-cropped wp-block-gallery-3 is-layout-flex wp-block-gallery-is-layout-flex\">\n<figure class=\"wp-block-image size-large\"><img loading=\"lazy\" decoding=\"async\" width=\"920\" height=\"1024\" data-id=\"489\" src=\"https:\/\/www.made-by-doreen.de\/wp-content\/uploads\/2020\/12\/Daniel-Trausnitz-Das-Leben-ist-ein-Strickstrumpf-Logo-920x1024.jpg\" alt=\"\" class=\"wp-image-489\" srcset=\"https:\/\/www.made-by-doreen.de\/wp-content\/uploads\/2020\/12\/Daniel-Trausnitz-Das-Leben-ist-ein-Strickstrumpf-Logo-920x1024.jpg 920w, https:\/\/www.made-by-doreen.de\/wp-content\/uploads\/2020\/12\/Daniel-Trausnitz-Das-Leben-ist-ein-Strickstrumpf-Logo-269x300.jpg 269w, https:\/\/www.made-by-doreen.de\/wp-content\/uploads\/2020\/12\/Daniel-Trausnitz-Das-Leben-ist-ein-Strickstrumpf-Logo-768x855.jpg 768w, https:\/\/www.made-by-doreen.de\/wp-content\/uploads\/2020\/12\/Daniel-Trausnitz-Das-Leben-ist-ein-Strickstrumpf-Logo-1379x1536.jpg 1379w, https:\/\/www.made-by-doreen.de\/wp-content\/uploads\/2020\/12\/Daniel-Trausnitz-Das-Leben-ist-ein-Strickstrumpf-Logo-1839x2048.jpg 1839w, https:\/\/www.made-by-doreen.de\/wp-content\/uploads\/2020\/12\/Daniel-Trausnitz-Das-Leben-ist-ein-Strickstrumpf-Logo.jpg 1963w\" sizes=\"auto, (max-width: 920px) 100vw, 920px\" \/><\/figure>\n<\/figure>\n\n\n\n<figure class=\"wp-block-gallery has-nested-images columns-default is-cropped wp-block-gallery-4 is-layout-flex wp-block-gallery-is-layout-flex\">\n<figure class=\"wp-block-image size-large\"><img loading=\"lazy\" decoding=\"async\" width=\"726\" height=\"1024\" data-id=\"488\" src=\"https:\/\/www.made-by-doreen.de\/wp-content\/uploads\/2020\/12\/Kaja-Linnegart-Zuckerrot-und-Blaubeergelb-Logo-726x1024.jpg\" alt=\"\" class=\"wp-image-488\" srcset=\"https:\/\/www.made-by-doreen.de\/wp-content\/uploads\/2020\/12\/Kaja-Linnegart-Zuckerrot-und-Blaubeergelb-Logo-726x1024.jpg 726w, https:\/\/www.made-by-doreen.de\/wp-content\/uploads\/2020\/12\/Kaja-Linnegart-Zuckerrot-und-Blaubeergelb-Logo-213x300.jpg 213w, https:\/\/www.made-by-doreen.de\/wp-content\/uploads\/2020\/12\/Kaja-Linnegart-Zuckerrot-und-Blaubeergelb-Logo-768x1084.jpg 768w, https:\/\/www.made-by-doreen.de\/wp-content\/uploads\/2020\/12\/Kaja-Linnegart-Zuckerrot-und-Blaubeergelb-Logo-1089x1536.jpg 1089w, https:\/\/www.made-by-doreen.de\/wp-content\/uploads\/2020\/12\/Kaja-Linnegart-Zuckerrot-und-Blaubeergelb-Logo-1451x2048.jpg 1451w, https:\/\/www.made-by-doreen.de\/wp-content\/uploads\/2020\/12\/Kaja-Linnegart-Zuckerrot-und-Blaubeergelb-Logo-scaled.jpg 1814w\" sizes=\"auto, (max-width: 726px) 100vw, 726px\" \/><\/figure>\n<\/figure>\n\n\n\n<p><strong>Moodboard<\/strong> <strong>vom O<strong>k<\/strong>tober 2018<\/strong><\/p>\n\n\n\n<figure class=\"wp-block-gallery has-nested-images columns-default is-cropped wp-block-gallery-5 is-layout-flex wp-block-gallery-is-layout-flex\">\n<figure class=\"wp-block-image size-large\"><img loading=\"lazy\" decoding=\"async\" width=\"1024\" height=\"597\" data-id=\"487\" src=\"https:\/\/www.made-by-doreen.de\/wp-content\/uploads\/2020\/12\/Moodboard-3-Logo-1024x597.jpg\" alt=\"\" class=\"wp-image-487\" srcset=\"https:\/\/www.made-by-doreen.de\/wp-content\/uploads\/2020\/12\/Moodboard-3-Logo-1024x597.jpg 1024w, https:\/\/www.made-by-doreen.de\/wp-content\/uploads\/2020\/12\/Moodboard-3-Logo-300x175.jpg 300w, https:\/\/www.made-by-doreen.de\/wp-content\/uploads\/2020\/12\/Moodboard-3-Logo-768x448.jpg 768w, https:\/\/www.made-by-doreen.de\/wp-content\/uploads\/2020\/12\/Moodboard-3-Logo-1536x896.jpg 1536w, https:\/\/www.made-by-doreen.de\/wp-content\/uploads\/2020\/12\/Moodboard-3-Logo-2048x1195.jpg 2048w\" sizes=\"auto, (max-width: 1024px) 100vw, 1024px\" \/><\/figure>\n<\/figure>\n\n\n\n<p><strong>Plakaterstellung<\/strong> <strong>vom Februar 2020<\/strong><\/p>\n\n\n\n<figure class=\"wp-block-gallery has-nested-images columns-default is-cropped wp-block-gallery-6 is-layout-flex wp-block-gallery-is-layout-flex\">\n<figure class=\"wp-block-image size-large\"><img loading=\"lazy\" decoding=\"async\" width=\"739\" height=\"1024\" data-id=\"485\" src=\"https:\/\/www.made-by-doreen.de\/wp-content\/uploads\/2020\/12\/Plakat-Klavier-Kopie-Logo-739x1024.png\" alt=\"\" class=\"wp-image-485\" srcset=\"https:\/\/www.made-by-doreen.de\/wp-content\/uploads\/2020\/12\/Plakat-Klavier-Kopie-Logo-739x1024.png 739w, https:\/\/www.made-by-doreen.de\/wp-content\/uploads\/2020\/12\/Plakat-Klavier-Kopie-Logo-216x300.png 216w, https:\/\/www.made-by-doreen.de\/wp-content\/uploads\/2020\/12\/Plakat-Klavier-Kopie-Logo-768x1064.png 768w, https:\/\/www.made-by-doreen.de\/wp-content\/uploads\/2020\/12\/Plakat-Klavier-Kopie-Logo.png 923w\" sizes=\"auto, (max-width: 739px) 100vw, 739px\" \/><\/figure>\n<\/figure>\n\n\n\n<p><strong>Anzeigenerstellung<\/strong><\/p>\n\n\n\n<p>im Buchjournal November 2020<\/p>\n\n\n\n<figure class=\"wp-block-gallery has-nested-images columns-default is-cropped wp-block-gallery-7 is-layout-flex wp-block-gallery-is-layout-flex\">\n<figure class=\"wp-block-image size-large\"><img loading=\"lazy\" decoding=\"async\" width=\"287\" height=\"1024\" data-id=\"435\" src=\"https:\/\/www.made-by-doreen.de\/wp-content\/uploads\/2020\/12\/Buchjournal_Anzeige_Wer_liest_wann_wo_Werbung_2020_cmyk-287x1024.png\" alt=\"\" class=\"wp-image-435\" srcset=\"https:\/\/www.made-by-doreen.de\/wp-content\/uploads\/2020\/12\/Buchjournal_Anzeige_Wer_liest_wann_wo_Werbung_2020_cmyk-287x1024.png 287w, https:\/\/www.made-by-doreen.de\/wp-content\/uploads\/2020\/12\/Buchjournal_Anzeige_Wer_liest_wann_wo_Werbung_2020_cmyk-84x300.png 84w, https:\/\/www.made-by-doreen.de\/wp-content\/uploads\/2020\/12\/Buchjournal_Anzeige_Wer_liest_wann_wo_Werbung_2020_cmyk-768x2738.png 768w, https:\/\/www.made-by-doreen.de\/wp-content\/uploads\/2020\/12\/Buchjournal_Anzeige_Wer_liest_wann_wo_Werbung_2020_cmyk-431x1536.png 431w, https:\/\/www.made-by-doreen.de\/wp-content\/uploads\/2020\/12\/Buchjournal_Anzeige_Wer_liest_wann_wo_Werbung_2020_cmyk.png 898w\" sizes=\"auto, (max-width: 287px) 100vw, 287px\" \/><\/figure>\n<\/figure>\n\n\n\n<p>im B\u00f6rsenblatt Oktober 2020<\/p>\n\n\n\n<figure class=\"wp-block-gallery has-nested-images columns-default is-cropped wp-block-gallery-8 is-layout-flex wp-block-gallery-is-layout-flex\">\n<figure class=\"wp-block-image size-large\"><img loading=\"lazy\" decoding=\"async\" width=\"696\" height=\"1024\" data-id=\"431\" src=\"https:\/\/www.made-by-doreen.de\/wp-content\/uploads\/2020\/12\/Boersenblatt-Anzeige-1-2020-Viertelseite-Kopie-696x1024.jpg\" alt=\"\" class=\"wp-image-431\" srcset=\"https:\/\/www.made-by-doreen.de\/wp-content\/uploads\/2020\/12\/Boersenblatt-Anzeige-1-2020-Viertelseite-Kopie-696x1024.jpg 696w, https:\/\/www.made-by-doreen.de\/wp-content\/uploads\/2020\/12\/Boersenblatt-Anzeige-1-2020-Viertelseite-Kopie-204x300.jpg 204w, https:\/\/www.made-by-doreen.de\/wp-content\/uploads\/2020\/12\/Boersenblatt-Anzeige-1-2020-Viertelseite-Kopie-768x1130.jpg 768w, https:\/\/www.made-by-doreen.de\/wp-content\/uploads\/2020\/12\/Boersenblatt-Anzeige-1-2020-Viertelseite-Kopie.jpg 1028w\" sizes=\"auto, (max-width: 696px) 100vw, 696px\" \/><\/figure>\n<\/figure>\n\n\n\n<p>im Buchgenuss im Fr\u00fchjahr 2020<\/p>\n\n\n\n<figure class=\"wp-block-gallery has-nested-images columns-default is-cropped wp-block-gallery-9 is-layout-flex wp-block-gallery-is-layout-flex\">\n<figure class=\"wp-block-image size-large\"><img loading=\"lazy\" decoding=\"async\" width=\"789\" height=\"1024\" data-id=\"433\" src=\"https:\/\/www.made-by-doreen.de\/wp-content\/uploads\/2020\/12\/Buchgenuss-Anzeige-2-2020-Viertelseite-querformatig-Kopie-789x1024.png\" alt=\"\" class=\"wp-image-433\" srcset=\"https:\/\/www.made-by-doreen.de\/wp-content\/uploads\/2020\/12\/Buchgenuss-Anzeige-2-2020-Viertelseite-querformatig-Kopie-789x1024.png 789w, https:\/\/www.made-by-doreen.de\/wp-content\/uploads\/2020\/12\/Buchgenuss-Anzeige-2-2020-Viertelseite-querformatig-Kopie-231x300.png 231w, https:\/\/www.made-by-doreen.de\/wp-content\/uploads\/2020\/12\/Buchgenuss-Anzeige-2-2020-Viertelseite-querformatig-Kopie-768x997.png 768w, https:\/\/www.made-by-doreen.de\/wp-content\/uploads\/2020\/12\/Buchgenuss-Anzeige-2-2020-Viertelseite-querformatig-Kopie.png 1028w\" sizes=\"auto, (max-width: 789px) 100vw, 789px\" \/><\/figure>\n<\/figure>\n\n\n\n<p>im Livro-Magazin M\u00e4rz 2020<\/p>\n\n\n\n<figure class=\"wp-block-gallery has-nested-images columns-default is-cropped wp-block-gallery-10 is-layout-flex wp-block-gallery-is-layout-flex\">\n<figure class=\"wp-block-image size-large\"><img loading=\"lazy\" decoding=\"async\" width=\"729\" height=\"1024\" data-id=\"432\" src=\"https:\/\/www.made-by-doreen.de\/wp-content\/uploads\/2020\/12\/Livro-Katalog-Werbeanzeige-3-Seite-300-dpi-729x1024.png\" alt=\"\" class=\"wp-image-432\" srcset=\"https:\/\/www.made-by-doreen.de\/wp-content\/uploads\/2020\/12\/Livro-Katalog-Werbeanzeige-3-Seite-300-dpi-729x1024.png 729w, https:\/\/www.made-by-doreen.de\/wp-content\/uploads\/2020\/12\/Livro-Katalog-Werbeanzeige-3-Seite-300-dpi-214x300.png 214w, https:\/\/www.made-by-doreen.de\/wp-content\/uploads\/2020\/12\/Livro-Katalog-Werbeanzeige-3-Seite-300-dpi-768x1079.png 768w, https:\/\/www.made-by-doreen.de\/wp-content\/uploads\/2020\/12\/Livro-Katalog-Werbeanzeige-3-Seite-300-dpi-1094x1536.png 1094w, https:\/\/www.made-by-doreen.de\/wp-content\/uploads\/2020\/12\/Livro-Katalog-Werbeanzeige-3-Seite-300-dpi-1458x2048.png 1458w\" sizes=\"auto, (max-width: 729px) 100vw, 729px\" \/><\/figure>\n<\/figure>\n","protected":false},"excerpt":{"rendered":"<p>Ich liebe es kreativ zu sein. In der Vergangenheit wurden von mir Fotos und Anzeigen gestaltet, die ich hier in einer Art digitalen Galerie pr\u00e4sentieren m\u00f6chte. Watercolor und Aquarellarbeiten Auftragsarbeit August 2022 f\u00fcr Creations by Made by Doreen auf Couchstyle Auftragsarbeit Geburtswochentag Montag August 2022 Auftragsarbeit Geburtswochentag Sonntag August 2022 Kochbuchkreation vom Juli 2022 Fotoarbeiten [&hellip;]<\/p>\n","protected":false},"author":1,"featured_media":0,"parent":0,"menu_order":0,"comment_status":"closed","ping_status":"closed","template":"","meta":{"footnotes":""},"class_list":["post-425","page","type-page","status-publish","hentry"],"_links":{"self":[{"href":"https:\/\/www.made-by-doreen.de\/index.php?rest_route=\/wp\/v2\/pages\/425","targetHints":{"allow":["GET"]}}],"collection":[{"href":"https:\/\/www.made-by-doreen.de\/index.php?rest_route=\/wp\/v2\/pages"}],"about":[{"href":"https:\/\/www.made-by-doreen.de\/index.php?rest_route=\/wp\/v2\/types\/page"}],"author":[{"embeddable":true,"href":"https:\/\/www.made-by-doreen.de\/index.php?rest_route=\/wp\/v2\/users\/1"}],"replies":[{"embeddable":true,"href":"https:\/\/www.made-by-doreen.de\/index.php?rest_route=%2Fwp%2Fv2%2Fcomments&post=425"}],"version-history":[{"count":6,"href":"https:\/\/www.made-by-doreen.de\/index.php?rest_route=\/wp\/v2\/pages\/425\/revisions"}],"predecessor-version":[{"id":829,"href":"https:\/\/www.made-by-doreen.de\/index.php?rest_route=\/wp\/v2\/pages\/425\/revisions\/829"}],"wp:attachment":[{"href":"https:\/\/www.made-by-doreen.de\/index.php?rest_route=%2Fwp%2Fv2%2Fmedia&parent=425"}],"curies":[{"name":"wp","href":"https:\/\/api.w.org\/{rel}","templated":true}]}}