{"id":5,"date":"2017-04-20T21:31:34","date_gmt":"2017-04-20T19:31:34","guid":{"rendered":"http:\/\/made-by-doreen.localhost\/?page_id=2"},"modified":"2020-05-21T20:02:13","modified_gmt":"2020-05-21T20:02:13","slug":"beispiel-seite","status":"publish","type":"page","link":"https:\/\/www.made-by-doreen.de\/?page_id=5","title":{"rendered":"Selfmade-Marketing"},"content":{"rendered":"<p style=\"text-align: center;\">Sie suchen eine Kooperationspartnerin oder eine Mitarbeiterin f\u00fcr Ihren Verlag oder Ihr Lektorat, Ihre Marketing- oder Presseabteilung, Ihren Internetauftritt oder Online-Shop, Ihr Archiv oder Ihr Museum, Ihre Bibliothek, Ihre Mediathek, Ihre Fotothek oder Ihre Buchhandlung?<\/p>\n<p style=\"text-align: center;\">\n<p style=\"text-align: center;\">Dann lesen Sie bitte weiter, vielleicht haben Sie sie bereits gefunden!<\/p>\n<p>Ich verf\u00fcge \u00fcber folgende Qualifikationen bzw. folgende Leistungen werden von mir angeboten:<\/p>\n<p>&nbsp;<\/p>\n<ul>\n<li><strong>Umfangreiche Kenntnisse zum Personalmarketing und Veranstaltungsmarketing<\/strong><\/li>\n<\/ul>\n<p>&nbsp;<\/p>\n<ul>\n<li><strong>Inhaberin vom Lesungsportal f\u00fcr Deutschland \u201eWer liest wann wo\u201c und dem digitalen Anzeigenportal f\u00fcr die Buchbranche \u201eBooks for Users\u201c<\/strong><\/li>\n<\/ul>\n<p>&nbsp;<\/p>\n<ul>\n<li><strong>Erstellen<\/strong> <strong>von<\/strong> <strong>Thementexten<\/strong> f\u00fcr Ihren Newsletter, Blog oder Webauftritt<\/li>\n<\/ul>\n<p>&nbsp;<\/p>\n<ul>\n<li>Redigieren, <strong>Korrekturlesen<\/strong> sowie <strong>Umschreiben<\/strong> von Texten<\/li>\n<\/ul>\n<p>&nbsp;<\/p>\n<ul>\n<li><strong>Lektorat von Stellentexten oder Ihrer Webseite<\/strong> zur Verbesserung Ihres Webauftritts<\/li>\n<\/ul>\n<p>&nbsp;<\/p>\n<ul>\n<li><strong>Ihre B\u00fccher oder Werke lese ich<\/strong>, um f\u00fcr Sie dar\u00fcber<strong> Inhalts\u00fcbersichten, Kritiken oder Rezensionen beispielsweise auf oder f\u00fcr Ihren Internetauftritt zu schreiben<\/strong><\/li>\n<\/ul>\n<p><strong>\u00a0<\/strong><\/p>\n<ul>\n<li>Layoutgestaltung \u00fcber <strong>InDesign <\/strong>oder Bildbearbeitung \u00fcber<strong> Adobe Photoshop<\/strong><\/li>\n<\/ul>\n<p><strong>\u00a0<\/strong><\/p>\n<ul>\n<li>Gestaltung von<strong> Moodboards f\u00fcr Werbeanzeigen im Print- und Onlinebereich oder f\u00fcr Ihren Webauftritt<\/strong><\/li>\n<\/ul>\n<p>&nbsp;<\/p>\n<ul>\n<li><strong>Marketingideen<\/strong> f\u00fcr den Verkauf Ihrer Produkte<\/li>\n<\/ul>\n<p>&nbsp;<\/p>\n<ul>\n<li><strong>Zielgruppenbestimmung<\/strong> f\u00fcr Ihre B\u00fccher, H\u00f6rb\u00fccher sowie andere mediale Buchprodukte oder Ihre Produkte bzw. Dienstleistungen<\/li>\n<\/ul>\n<p>&nbsp;<\/p>\n<ul>\n<li>f\u00fcr Ihre Kunden erfolgt eine ad\u00e4quate pers\u00f6nliche, telefonische oder schriftliche <strong>Beratung und Betreuung<\/strong><\/li>\n<\/ul>\n<p>&nbsp;<\/p>\n<ul>\n<li>Pr\u00e4sentationen auf Ladentischen und Schaufenstern in Ihrem station\u00e4ren Gesch\u00e4ft<\/li>\n<\/ul>\n<p>&nbsp;<\/p>\n<ul>\n<li><strong>Kassieren<\/strong> sowie <strong>Warenauszeichnung<\/strong> und Regalbest\u00fcckungen<\/li>\n<\/ul>\n<p>&nbsp;<\/p>\n<ul>\n<li><strong>Bibliographieren und Datenerfassung<\/strong> zu Ihren Neuerwerbungen, Altbest\u00e4nden sowie antiquarischen Werken<\/li>\n<\/ul>\n<p>&nbsp;<\/p>\n<ul>\n<li><strong>Bearbeiten von Remittenden<\/strong> f\u00fcr vorgesehene R\u00fccksendungen<\/li>\n<\/ul>\n<p>&nbsp;<\/p>\n<ul>\n<li>Dokumentieren von Objekten sowie Vorbereiten und Durchf\u00fchren von Kunstausstellungen<\/li>\n<\/ul>\n<p>&nbsp;<\/p>\n<ul>\n<li><strong>Recherche und Forschung<\/strong> zu verschiedenen kunstgeschichtlichen Sammlungen<\/li>\n<\/ul>\n<p>&nbsp;<\/p>\n<ul>\n<li>Kaufverhandlungen zum Erwerb von Kunstobjekten f\u00fcr Sie f\u00fchren<\/li>\n<\/ul>\n<p>&nbsp;<\/p>\n<ul>\n<li><strong>Arbeit an einer Ver\u00f6ffentlichung<\/strong> zu einer Abhandlung zur Renaissance- und Jugendstilmode, zu einem Fantasyroman sowie einem Lexikon zu Fabelwesen und G\u00f6ttern<\/li>\n<\/ul>\n<p>&nbsp;<\/p>\n<ul>\n<li><strong>MS-Office<\/strong> und vergleichbare <strong>OpenOffice<\/strong>-Anwendungen, Programme wie <strong>PowerPoint,<\/strong> <strong>PDF <\/strong>und<strong> WordPress<\/strong><\/li>\n<\/ul>\n<p>&nbsp;<\/p>\n<ul>\n<li>Sprachen: <strong>Englisch, Franz\u00f6sisch, Latein<\/strong><\/li>\n<\/ul>\n<p>&nbsp;<\/p>\n<p style=\"text-align: center;\">Kontaktieren Sie mich oder fordern Sie ein ausf\u00fchrliches Bewerbungsschreiben \u00fcber den Kontakt an!<\/p>\n<p>&nbsp;<\/p>\n<p>Buchgenuss Mai 2020<\/p>\n<p><a href=\"http:\/\/www.made-by-doreen.de\/wp-content\/uploads\/2020\/05\/Buchgenuss-Anzeige-2-2020-Viertelseite-querformatig.pdf\">Buchgenuss Anzeige 2 2020 &#8211; Viertelseite querformatig<\/a><\/p>\n<p>Anzeige aus der B\u00f6rsenblattausgabe Nr. 35 vom 31.08.2017:<\/p>\n<p><img loading=\"lazy\" decoding=\"async\" class=\"alignnone size-large wp-image-111\" src=\"http:\/\/www.made-by-doreen.de\/wp-content\/uploads\/2017\/04\/B\u00f6rsenblatt-Stellenanzeige-Buchbranchenwerbung-machen-1024x352.jpg\" alt=\"\" width=\"640\" height=\"220\" srcset=\"https:\/\/www.made-by-doreen.de\/wp-content\/uploads\/2017\/04\/B\u00f6rsenblatt-Stellenanzeige-Buchbranchenwerbung-machen-1024x352.jpg 1024w, https:\/\/www.made-by-doreen.de\/wp-content\/uploads\/2017\/04\/B\u00f6rsenblatt-Stellenanzeige-Buchbranchenwerbung-machen-300x103.jpg 300w, https:\/\/www.made-by-doreen.de\/wp-content\/uploads\/2017\/04\/B\u00f6rsenblatt-Stellenanzeige-Buchbranchenwerbung-machen-768x264.jpg 768w, https:\/\/www.made-by-doreen.de\/wp-content\/uploads\/2017\/04\/B\u00f6rsenblatt-Stellenanzeige-Buchbranchenwerbung-machen.jpg 2023w\" sizes=\"auto, (max-width: 640px) 100vw, 640px\" \/><\/p>\n<p>Anzeige aus der B\u00f6rsenblattausgabe Nr. 27 vom 06.07.2017:<\/p>\n<p><img loading=\"lazy\" decoding=\"async\" class=\"alignnone size-medium wp-image-113\" src=\"http:\/\/www.made-by-doreen.de\/wp-content\/uploads\/2017\/04\/B\u00f6rsenblatt-Stellenanzeige-Medienunternehmen-nach-N\u00fcrnberg-300x176.jpg\" alt=\"\" width=\"300\" height=\"176\" srcset=\"https:\/\/www.made-by-doreen.de\/wp-content\/uploads\/2017\/04\/B\u00f6rsenblatt-Stellenanzeige-Medienunternehmen-nach-N\u00fcrnberg-300x176.jpg 300w, https:\/\/www.made-by-doreen.de\/wp-content\/uploads\/2017\/04\/B\u00f6rsenblatt-Stellenanzeige-Medienunternehmen-nach-N\u00fcrnberg-768x452.jpg 768w, https:\/\/www.made-by-doreen.de\/wp-content\/uploads\/2017\/04\/B\u00f6rsenblatt-Stellenanzeige-Medienunternehmen-nach-N\u00fcrnberg-1024x602.jpg 1024w\" sizes=\"auto, (max-width: 300px) 100vw, 300px\" \/><\/p>\n<p><strong>Archiviert<\/strong><\/p>\n<p>Seite &#8222;Sie als Chef&#8220;<\/p>\n<p>erstellt am 29.08.2017<\/p>\n<h1><strong>Er\u00f6ffnen Sie mit mir ein station\u00e4res Mediengesch\u00e4ft rund ums Buch in der N\u00fcrnberger Altstadt!<\/strong><\/h1>\n<h3>Ich bringe das Know-How, Kreativit\u00e4t und innovative Ideen mit und Sie als Chef das Kapital!<\/h3>\n<h3>Werden Sie Unternehmer oder Investor eines neuen und einzigartigen Konzeptes eines Ladens, den es in der Buchbranche noch nicht gegeben hat!<\/h3>\n<h3>Setzen Sie sich mit mir in Verbindung und werden Sie Mitbegr\u00fcnder eines station\u00e4ren Gewerbes!<\/h3>\n<h3>Kontaktieren Sie mich noch heute unter: made-by-doreen@gmx.de<\/h3>\n","protected":false},"excerpt":{"rendered":"<p>Sie suchen eine Kooperationspartnerin oder eine Mitarbeiterin f\u00fcr Ihren Verlag oder Ihr Lektorat, Ihre Marketing- oder Presseabteilung, Ihren Internetauftritt oder Online-Shop, Ihr Archiv oder Ihr Museum, Ihre Bibliothek, Ihre Mediathek, Ihre Fotothek oder Ihre Buchhandlung? Dann lesen Sie bitte weiter, vielleicht haben Sie sie bereits gefunden! Ich verf\u00fcge \u00fcber folgende Qualifikationen bzw. folgende Leistungen werden [&hellip;]<\/p>\n","protected":false},"author":1,"featured_media":0,"parent":0,"menu_order":0,"comment_status":"closed","ping_status":"closed","template":"","meta":{"footnotes":""},"class_list":["post-5","page","type-page","status-publish","hentry"],"_links":{"self":[{"href":"https:\/\/www.made-by-doreen.de\/index.php?rest_route=\/wp\/v2\/pages\/5","targetHints":{"allow":["GET"]}}],"collection":[{"href":"https:\/\/www.made-by-doreen.de\/index.php?rest_route=\/wp\/v2\/pages"}],"about":[{"href":"https:\/\/www.made-by-doreen.de\/index.php?rest_route=\/wp\/v2\/types\/page"}],"author":[{"embeddable":true,"href":"https:\/\/www.made-by-doreen.de\/index.php?rest_route=\/wp\/v2\/users\/1"}],"replies":[{"embeddable":true,"href":"https:\/\/www.made-by-doreen.de\/index.php?rest_route=%2Fwp%2Fv2%2Fcomments&post=5"}],"version-history":[{"count":10,"href":"https:\/\/www.made-by-doreen.de\/index.php?rest_route=\/wp\/v2\/pages\/5\/revisions"}],"predecessor-version":[{"id":349,"href":"https:\/\/www.made-by-doreen.de\/index.php?rest_route=\/wp\/v2\/pages\/5\/revisions\/349"}],"wp:attachment":[{"href":"https:\/\/www.made-by-doreen.de\/index.php?rest_route=%2Fwp%2Fv2%2Fmedia&parent=5"}],"curies":[{"name":"wp","href":"https:\/\/api.w.org\/{rel}","templated":true}]}}